digit of p?
7
Let y be (-118)/(-6) - 12/(-9). Let k = y + -19. Suppose -k*r - 2*r = -4*f - 236, 5*f = 4*r - 238. What is the tens digit of r?
5
Let m = -17 + 10. Let p = m + 4. What is the tens digit of (-1)/(1/(-18)) - p?
2
Let y(r) = r**2 + 3*r - 2. Let v(u) = u**3 - 4*u**2 - 4*u - 2. Let o be v(5). Suppose -o*n + 1 + 8 = 0. What is the tens digit of y(n)?
1
Suppose 493 = 3*u + 4*k, -u - 9*k + 6*k = -156. What is the hundreds digit of u?
1
Let b(o) = o**3 - 10*o**2 - 10*o - 8. Let j be b(11). Suppose 0 = -5*q - j - 2. What is the tens digit of -4 - 55*(-2 - q)?
5
Suppose 4*n - 1394 = -3*p + 2053, 5*p - 883 = -n. What is the tens digit of n?
5
Let s(y) be the third derivative of y**4/12 + 5*y**2. Let a be s(-3). What is the units digit of (-38)/(-14) - a/21?
3
Let y = 174 - 113. Suppose i - w = 5*i - 241, -w + y = i. What is the units digit of i?
0
Let t = 595 - -1542. What is the thousands digit of t?
2
Let l be -2*23/4*2. What is the tens digit of (-5)/(-5)*-3*l?
6
Let s be (3 + 0 - 15)/1. Let l = 4 - s. What is the units digit of l?
6
Let t(g) = -6*g**3 - 3*g**2 + 11*g - 44. What is the tens digit of t(-6)?
7
Let g = 365 + -88. What is the units digit of g?
7
Let c be (999/(-18))/(1/2). Let f = -181 - c. What is the tens digit of 3 + 1*f/(-2)?
3
What is the tens digit of (7/(-14)*-116)/1?
5
Let t be (22 + 7)/((-3)/(-9)). Suppose 0*a + 49 = a - 3*v, -2*a + t = 5*v. What is the tens digit of a?
4
Let f = -12 + 6. Let b be (2/(f/21))/(-1). Suppose -2*u = o - b - 2, 5*o = 4*u + 3. What is the units digit of o?
3
What is the tens digit of 2079/4 - (-4 + 76/16)?
1
Let s(c) = 29*c**2 - 9*c - 25. What is the tens digit of s(-3)?
6
Let d(p) = -p**2 - 5*p - 1. Let k be d(-7). Let y = k + 16. What is the units digit of (-1)/((-4)/(-8) - y)?
2
Let c(f) = 74*f**3 + 2 + 0*f - 4*f - f**2 - 73*f**3. What is the hundreds digit of c(6)?
1
What is the units digit of 1608/(-603)*2/(8/(-7617))?
8
Let v(l) = l**2 + 6*l - 4. Suppose -3*j + 5*j = 12. Let x be v(j). Suppose x = 2*s - 8. What is the tens digit of s?
3
Suppose 0 = -3*c + 9, 5 = -s - 5*c + 550. What is the tens digit of s?
3
Suppose -1156 = 15*n - 14146. What is the units digit of n?
6
Let t = 29 - 29. Suppose 5*w + i - 411 = 0, 2*w + t*w - 146 = -5*i. What is the tens digit of w?
8
Let d(h) = h**3 + 6*h**2 - 7*h + 2. Suppose 2*s = 4*s + 14. Let x be d(s). What is the units digit of x/6 + (-130)/(-15)?
9
Let q = -380 - -371. Let m(z) = -z**3 + 2*z**2 - 3*z. Let j be m(2). What is the units digit of (q/j)/(6/28)?
7
Suppose 0 = 2*q - 5*i - 2312, 5*q + 25*i = 20*i + 5780. What is the thousands digit of q?
1
Suppose -8*g + 39228 = 20*g. What is the thousands digit of g?
1
What is the hundreds digit of 9 + 210/(-24) - (-3987)/4?
9
Let s(z) = -11*z + 2*z - z**2 + 8*z + 33. Suppose -g = -4*k + 12, -3*g + 1 - 4 = -k. What is the units digit of s(g)?
3
Suppose -4*x - k - 4*k = 0, 4*k + 41 = 5*x. What is the tens digit of ((-3)/(0 + 3))/(x/(-215))?
4
Let z(y) = 40*y**2 - 35*y + 192. What is the thousands digit of z(7)?
1
Suppose -3*c + 26 = -q + 252, 15 = -3*c. What is the units digit of q?
1
Let a(i) = -3*i**3 + 4*i**2 + 6*i - 2. Let o be a(4). Let y = -66 - o. What is the units digit of y?
0
Let g(t) = -t - 10. Let u be g(0). Let w = 63 - 34. Let b = u + w. What is the units digit of b?
9
Suppose -3*j + 1599 = 2*d, -4*j - 5*d + 213 = -1926. What is the units digit of j?
1
Suppose 5*d + 2*k - 17 = 0, d - k = -0*k + 2. Suppose -2*b - 53 = -d*b. What is the units digit of b?
3
Let o(s) = s - 2. Suppose 0 = -0*h + 3*h - 30. Let i be ((-28)/h + 2)*-10. What is the units digit of o(i)?
6
What is the units digit of (-27)/(-4 + -5)*(1 + 2)?
9
Let l = 1 - -2. Suppose -3*y + 2*y = 4, -3*b = -l*y - 12. Suppose 4*u - 57 - 11 = b. What is the units digit of u?
7
Suppose -93*g - 3094 = -100*g. What is the units digit of g?
2
Suppose 7 + 21 = -7*v. What is the tens digit of (3 + (5 - 6))/(v/(-158))?
7
Suppose -9*u - 271 = -3196. What is the tens digit of u?
2
Let c = -15 + 34. Let y be (1 - 3)/(2 - 19/9). Let b = y + c. What is the tens digit of b?
3
Let m be -106*(8/16)/((-1)/3). Let s = m - 43. What is the units digit of s?
6
Let c = 1546 + -1098. What is the units digit of c?
8
What is the tens digit of ((-30)/40)/((-5)/500)?
7
Let w(b) = 19*b**2 + 10*b - 11. What is the hundreds digit of w(-5)?
4
Suppose 0 = 2*k - 4. Suppose 4*r = 4*j - 528, 0 = -j - k*r + 95 + 37. Suppose -u = -2*o + 51, 2*u - j = -5*o + 3*u. What is the units digit of o?
7
Let p(g) = 911*g**2 - 7*g - 8. What is the tens digit of p(-1)?
1
Suppose 6 + 0 = 2*g. Suppose 6*x - x = g*l + 40, 5*x - 30 = l. Suppose x*y - 18 = -y. What is the units digit of y?
3
Let l(a) = 7*a - 1. Let v be l(1). Suppose 3*d - 5*h - 26 = 0, -5*d + 100 = v*h - 3*h. Suppose d = r - 1. What is the tens digit of r?
1
What is the tens digit of (-62520)/(-84) - (-4)/(-14)?
4
Let j be ((-1)/6*-28)/(1/(-3)). Let h = j - -61. What is the units digit of h?
7
Let u(m) = -m**3 - 25*m**2 - 10*m - 37. What is the units digit of u(-30)?
3
Suppose 5*u = -2*i + 722, 4*i - 5*u = -2*u + 1392. What is the tens digit of i?
5
Let s(t) be the second derivative of -t**6/360 - t**5/10 + t**4/6 + 4*t. Let v(p) be the third derivative of s(p). What is the units digit of v(-15)?
8
Suppose z - 1 = 11. Suppose -z = 3*d + o - 63, 85 = 5*d + o. What is the units digit of d?
7
Suppose 8*q = -13*q + 17619. What is the units digit of q?
9
Suppose -5*p + 5865 = -4*l, -5*p - 4688 = -9*p + 4*l. What is the tens digit of p?
7
Suppose 2*j - 5*o - 1526 = 0, -3*j + 3*o = -2*j - 765. What is the hundreds digit of j?
7
Suppose 0 = -o + 2*x + 703, o - 194 = -x + 497. What is the tens digit of o?
9
Let c = 14 - 14. Let k be -1 + (-3)/(-12)*c. What is the units digit of (2/4)/(k/(-18))?
9
Let y be (-4 + 24)/4*53. Suppose 5*m = 135 + y. Suppose m = 3*t - 34. What is the units digit of t?
8
Suppose q = 2*q + 65. What is the tens digit of (-4)/(-26) + ((-2980)/q - 4)?
4
Let i be 6*((-4)/(-1) + -3). Suppose 10*n + i*n - 176 = 0. What is the units digit of n?
1
Suppose 0 = 6*u - 8*u - 8. Let w(o) = o + 1. Let r be w(1). What is the units digit of (-106)/u - r/(-4)?
7
Let b = -941 - -1806. What is the tens digit of b?
6
Let w = 16 + -35. Let l(r) = -r**3 - 7*r**2 - 5*r. Let y be l(-7). Let i = y - w. What is the units digit of i?
4
Let h(k) = 34*k + 771. What is the thousands digit of h(45)?
2
Let a(n) = -n**2 + 45*n + 57. What is the units digit of a(24)?
1
Let m(v) = -v**3 - 6*v**2 - 7*v - 6. Let j be m(-5). Suppose -22 - 88 = -j*d + f, 76 = 3*d - 4*f. What is the units digit of d?
8
Let n(f) = f**3 - f**2 + 8. Let g be n(0). Let m = g - 2. What is the units digit of (-2 + m)*45/12?
5
Let v = -22 + 49. Suppose -5*i + v = -2*p - 59, -i - 2*p = -22. What is the tens digit of i?
1
Let b = 62 + -56. What is the tens digit of -2 + 1714/b + (-2)/3?
8
Let a(t) = t**3 + 6*t**2 + 3. Let n be a(-6). Let v = 15 - n. Suppose 5*x = 3*x + v. What is the units digit of x?
6
Suppose -4*p - 12 = -4. What is the tens digit of ((-60)/5)/(p/4)?
2
Let d(c) = -15*c + 4 + 6 - 3 - 2. Let l be d(-6). Suppose 5*y - l = -5*u, 10*u - 5*u - 4*y = 68. What is the tens digit of u?
1
Suppose -28*t + 26*t + 664 = 0. Suppose -t = -6*w - 20. What is the tens digit of w?
5
Let r = -18 + 20. Suppose b = -2*v + r, -v + 2*b = -b + 6. Suppose v*c + 37 = c. What is the units digit of c?
7
Let f = -4975 - -7641. What is the hundreds digit of f?
6
Suppose -g + 605 = -105. What is the hundreds digit of g?
7
Let z(k) = k**2 + 3*k. Let t be z(-3). Suppose h - 4 = -2*s - 30, 4*h + 16 = t. Let i = 13 - s. What is the units digit of i?
4
What is the hundreds digit of 7 + -6 - -8 - -4841?
8
Suppose 0 = q - 61 + 57. Suppose -5*o + 131 = 2*v - 68, 0 = q*o - 12. What is the units digit of v?
2
Let y = -260 + 123. What is the hundreds digit of y/(-3)*(1 - -2)?
1
Suppose -3*v + 403 + 125 = 0. Suppose -237 = -4*x + 3*r, -4*r - v = -2*x - x. What is the units digit of x?
0
Let c = 4 - 29. Let a = 30 + c. What is the units digit of a?
5
Suppose 78*m - 147992 = 26*m. What is the tens digit of m?
4
Let r be 0 + (41/(-1) - 2). Let z(t) = t**3 - 23*t**2 - 21*t - 8. Let a be z(24). Let y = a + r. What is the units digit of y?
1
Let o = 1034 + -574. Suppose -5*x = -3*c - 2*c + o, x =